- 6*o**2 - 5*o + 40. What is i(6)?
10
Let j(f) = -4*f + 150. Give j(30).
30
Let s(o) = 95*o - 1041. What is s(7)?
-376
Let v(w) = 80*w + 642. Calculate v(-8).
2
Let n(v) = 64*v + 758. Determine n(-12).
-10
Let g(j) = -262*j - 777. What is g(-3)?
9
Let r(x) = -28*x - 361. What is r(-25)?
339
Let b(k) = -2*k**2 - 24*k + 2510. Give b(30).
-10
Let r(t) = 11*t + 119. Give r(-12).
-13
Let m(i) = 642*i + 3202. Calculate m(-5).
-8
Let h(d) = 34*d - 594. Determine h(27).
324
Let n(m) = 4*m + 91. Calculate n(-27).
-17
Let p(j) = -6*j**2 - 106*j - 25. What is p(-16)?
135
Let z(r) = -r**2 + 21*r + 96. Calculate z(25).
-4
Let c(x) = x**2 + 24*x + 33. What is c(-5)?
-62
Let b(l) = -l**2 + 77*l - 286. Calculate b(4).
6
Let l(p) = -22*p**2 + 304*p + 53. Calculate l(14).
-3
Let k(u) = -3*u**2 - 123*u - 1228. Determine k(-23).
14
Let m(u) = 5*u**2 + 20*u - 100. Give m(3).
5
Let i(z) = -37*z**3 - 4*z**2 - z. Give i(-1).
34
Let w(f) = -88*f - 570. What is w(-9)?
222
Let v(a) = 5212*a + 57322. Give v(-11).
-10
Let t(j) = 265*j + 3955. Calculate t(-15).
-20
Let t(u) = 79*u + 785. Calculate t(-10).
-5
Let l(z) = 92*z**2 + 22*z + 47. Calculate l(-2).
371
Let m(v) = 43*v + 627. Determine m(-9).
240
Let p(o) = -7*o - 142. Determine p(-19).
-9
Let d(n) = -510*n + 2016. What is d(4)?
-24
Let t(r) = 2*r**2 + 538*r + 6663. Determine t(-13).
7
Let t(c) = -94*c**2 + 366*c - 3. Give t(4).
-43
Let f(x) = 101*x - 1487. What is f(15)?
28
Let s(d) = d**3 + 30*d**2 + 113*d - 7. What is s(-7)?
329
Let j(g) = 4*g**2 - 57*g - 5. What is j(11)?
-148
Let v(n) = -2*n**3 + 74*n**2 + 243*n - 117. What is v(40)?
3
Let o(r) = -r**3 - 39*r**2 - 195*r + 66. Calculate o(-33).
-33
Let c(r) = -15*r - 637. What is c(-43)?
8
Let n(m) = 8*m**3 + 3*m**2 + 7*m + 6. Calculate n(-1).
-6
Let v(l) = 7*l**2 - 137*l + 652. Calculate v(11).
-8
Let l(c) = -c**3 + 20*c**2 - 45*c + 205. Calculate l(18).
43
Let o(z) = -2134*z + 32019. Give o(15).
9
Let x(n) = 7*n**3 - 666*n**2 + 98*n - 290. Give x(95).
-5
Let y(x) = 208*x + 1108. Calculate y(-7).
-348
Let g(q) = -q**2 - 65*q - 113. Determine g(-61).
131
Let i(d) = 46*d**2 - 273*d - 8. Determine i(6).
10
Let z(f) = -2*f**3 - 4*f**2 + 23*f - 11. Give z(2).
3
Let p(v) = -v**3 - 14*v**2 + 2*v - 4. Give p(-14).
-32
Let s(x) = x**3 - 24*x**2 - 143*x + 4. Determine s(-5).
-6
Let x(v) = 2*v**3 - 249*v**2 + 367*v + 237. Calculate x(123).
-9
Let m(z) = -2427*z - 19407. Calculate m(-8).
9
Let m(p) = -688*p + 5505. Give m(8).
1
Let t(b) = -b**3 - 31*b**2 + 103*b - 104. What is t(-34)?
-138
Let u(y) = 2*y**2 + 19*y + 57. What is u(-9)?
48
Let m(u) = -4*u**2 - 51*u + 644. Calculate m(9).
-139
Let c(y) = y**2 - 32*y - 100. Give c(-3).
5
Let m(u) = -u**3 + 12*u**2 - 8*u + 18. Determine m(9).
189
Let n(o) = 3*o**2 - 118*o + 67. Calculate n(39).
28
Let t(k) = 226*k - 2. Calculate t(1).
224
Let r(a) = -a**3 - 55*a**2 - 102*a + 76. Determine r(-53).
-136
Let z(m) = -2*m**3 + 25*m**2 + 147*m - 1464. Calculate z(14).
6
Let n(c) = -22*c**3 + 399*c**2 - 51*c - 62. Give n(18).
-8
Let g(k) = 6*k + 470. Calculate g(-74).
26
Let x(n) = 2*n**3 + 78*n**2 - 15*n + 58. Calculate x(-39).
643
Let n(l) = 103*l + 5. Determine n(0).
5
Let w(c) = 7*c**2 + 9*c - 7. Calculate w(-4).
69
Let a(f) = 5*f**2 - 694*f - 1564. Determine a(141).
-13
Let g(m) = 2*m**3 - 2*m**2 + 16*m + 7. What is g(3)?
91
Let d(s) = -6*s - 24. Calculate d(18).
-132
Let c(u) = 135*u + 22683. What is c(-168)?
3
Let a(k) = -30*k**2 + 4920*k + 13. Give a(164).
13
Let j(c) = -4*c - 300. Give j(51).
-504
Let o(i) = 4*i**2 - 25*i + 63. Determine o(5).
38
Let w(o) = -2*o**3 + 7*o**2 - 11. What is w(3)?
-2
Let j(q) = -2*q**2 - 53*q - 189. Give j(-20).
71
Let w(i) = 79*i**2 - 307*i - 28. What is w(4)?
8
Let s(d) = -d**2 - 38*d + 718. Determine s(-49).
179
Let z(m) = -m**2 + 13*m + 31. Calculate z(11).
53
Let y(q) = -7*q + 119. Determine y(-7).
168
Let c(g) = 12*g**2 + 413*g + 3341. Calculate c(-13).
0
Let g(x) = -192*x - 32838. Give g(-171).
-6
Let v(t) = -4*t**2 - t + 11. What is v(3)?
-28
Let r(n) = 4*n**3 - 89*n**2 + 81*n - 1295. Calculate r(22).
3
Let i(j) = -j**3 - 3*j**2 + 91*j + 32. What is i(-11)?
-1
Let y(h) = -5*h**3 - 104*h**2 + 24*h + 72. Determine y(-21).
9
Let v(y) = y**2 - 6*y + 73. Give v(8).
89
Let x(v) = -24*v + 1529. Calculate x(63).
17
Let v(q) = -12*q**2 - 88*q + 43. What is v(-8)?
-21
Let p(n) = -10156*n + 162492. What is p(16)?
-4
Let a(g) = -g**2 - 125*g - 2639. Give a(-97).
77
Let t(q) = 64*q + 141. What is t(-2)?
13
Let s(c) = -10*c**2 + 143*c + 437. Calculate s(-3).
-82
Let s(a) = a**2 + 11*a - 67. What is s(-11)?
-67
Let r(i) = -i**3 + 47*i**2 + 102*i - 194. Determine r(49).
2
Let o(b) = b**3 + 4*b**2 - 12*b - 23. Calculate o(-6).
-23
Let l(v) = -51*v - 187. Determine l(-3).
-34
Let w(j) = -429*j - 124. Calculate w(-1).
305
Let l(i) = i**3 - 12*i**2 + 195*i - 2021. What is l(11)?
3
Let f(v) = -4*v**2 - 61*v + 482. What is f(-21)?
-1
Let l(b) = -86*b**3 + b**2 - b - 2. Calculate l(-1).
86
Let z(n) = -n**2 - 50*n - 325. Calculate z(-39).
104
Let d(i) = -i**2 - 10*i + 135. Determine d(-23).
-164
Let l(i) = -i**3 - 78*i**2 + 90*i + 884. Give l(-79).
15
Let i(f) = f**2 - 135*f + 1466. Determine i(12).
-10
Let z(l) = l**3 + 47*l**2 - 58*l - 84. Determine z(2).
-4
Let z(r) = 16*r**2 + 21*r + 82. Determine z(-5).
377
Let s(f) = -16*f**2 - 22*f - 4. Give s(-2).
-24
Let h(c) = 82*c + 2369. Give h(-29).
-9
Let q(t) = 47*t - 136. What is q(2)?
-42
Let l(u) = -4*u**3 + 12*u**2 + 11*u - 24. What is l(-2)?
34
Let a(d) = -4*d**2 + 60*d - 66. Give a(14).
-10
Let a(s) = 659*s + 8566. Calculate a(-13).
-1
Let h(p) = -p**3 + 20*p**2 - 34*p - 17. What is h(18)?
19
Let c(x) = -2*x**2 - 35*x + 37. Calculate c(-18).
19
Let w(i) = -3*i**3 - 92*i**2 + 35*i + 159. What is w(-31)?
35
Let n(j) = 2*j**3 + 93*j**2 + 37*j - 411. What is n(-46)?
3
Let h(a) = 112*a**2 - 798*a - 15. Calculate h(7).
-113
Let q(b) = -2*b**3 - 6*b**2 - b + 18. Calculate q(-4).
54
Let q(i) = 3*i**2 - 48*i + 2. Determine q(16).
2
Let w(t) = 2*t**2 + 27*t + 211. Determine w(-16).
291
Let b(a) = -49*a + 8823. What is b(180)?
3
Let l(p) = -6*p**2 - 36*p - 10. Calculate l(-4).
38
Let q(l) = 11171*l - 33513. What is q(3)?
0
Let z(m) = 4*m**3 - 8*m**2 - 24*m - 17. Give z(-2).
-33
Let h(o) = -o**2 + 9*o + 52. What is h(0)?
52
Let t(p) = p**3 + 8*p**2 + 39*p + 7. Calculate t(-6).
-155
Let w(l) = 11*l**3 + 8*l**2 + 11*l - 2. Give w(-1).
-16
Let s(y) = 33*y**3 + 3*y**2 + 53*y - 59. Determine s(1).
30
Let g(w) = -3*w**3 - 5*w**2 - w. What is g(3)?
-129
Let u(s) = -s**3 + 8*s**2 + 2*s + 57. What is u(9)?
-6
Let f(r) = 3*r - 113. What is f(34)?
-11
Let f(s) = s - 140. What is f(59)?
-81
Let u(a) = 2*a**3 + 85*a**2 - 45*a - 84. Give u(-43).
2
Let m(y) = -117*y + 5820. Give m(50).
-30
Let l(v) = -953*v - 10573. Calculate l(-11).
-90
Let j(p) = -10*p**2 + 38*p - 43. Determine j(11).
-835
Let z(t) = -t**3 - 9*t**2 - 11*t - 2. Give z(-3).
-23
Let b(p) = 95*p + 6494. Calculate b(-69).
-61
Let m(z) = z**2 + 23*z - 640. Determine m(28).
788
Let a(b) = 23*b - 200. What is a(0)?
-200
Let y(t) = 2*t**3 - 3*t**2 - 29*t - 24. Give y(-2).
6
Let z(k) = 13*k + 60. What is z(-5)?
-5
Let i(f) = 13*f + 110. Give i(-9).
-7
Let d(u) = 296*u + 14807. What is d(-50)?
7
Let f(d) = 12*d**3 - 2*d**2 + 3*d + 2. Determine f(-2).
-108
Let a(t) = -2*t**3 - 92*t**2 - 344*t - 12. Give a(-4).
20
Let s(g) = -343*g - 8225. Give s(-24).
7
Let h(k) = 5*k**2 + 18*k - 6. Calculate h(7).
365
Let z(c) = 8*c + 6. Calculate z(-21).
-162
Let p(u) = -103*u + 374. Determine p(11).
-759
Let h(r) = r**3 - 15*r**2 + 58*r - 112. Give h(11).
42
Let d(t) = -1917*t - 15323. Give d(-8).
13
Let g(h) = -2*h**3 + 2*h**2 + 2*h - 24. What is g(0)?
-24
Let o(z) = -105*z - 3893. Calculate o(-37).
-8
Let t(a) = -14*a + 13. Give t(-5).
83
Let p(h) = -h**3 - 22*h**2 - 60*h - 117. Calculate p(-19).
-60
Let h(w) = 84*w - 3190. Determine h(38).
2
Let x(q) = q**2 + 133*q + 4396. Give x(-62).
-6
Let v(m) = -m**3 + 14*m**2 - 13*m + 22. Give v(13).
22
Let z(x) = 143*x + 721. Give z(-5).
6
Let s(l) = -l**2 - 69*l - 515. What is s(-59)?
75
Let u(l) = 9*l - 1207. Give u(139).
44
Let n(r) = 199*r - 3975. Give n(20).
5
Let c(r) = 236*r + 4951. Give c(-21).
-5
Let p(w) = -1725*w - 162149. What is p(-94)?
1
Let t(i) = -6*i + 58. Determine t(0).
58
L